{"id":582,"date":"2023-07-03T11:55:49","date_gmt":"2023-07-03T09:55:49","guid":{"rendered":"https:\/\/mediasoft.tn\/bitrix24.tn\/?page_id=582"},"modified":"2023-07-10T13:22:17","modified_gmt":"2023-07-10T11:22:17","slug":"applis","status":"publish","type":"page","link":"https:\/\/mediasoft.tn\/bitrix24.tn\/applis\/","title":{"rendered":"Applis"},"content":{"rendered":"\t\t<div data-elementor-type=\"wp-page\" data-elementor-id=\"582\" class=\"elementor elementor-582\">\n\t\t\t\t\t\t\t\t\t<section class=\"elementor-section elementor-top-section elementor-element elementor-element-135baa4 elementor-section-content-middle elementor-section-boxed elementor-section-height-default elementor-section-height-default\" data-id=\"135baa4\" data-element_type=\"section\" data-settings=\"{&quot;background_background&quot;:&quot;classic&quot;}\">\n\t\t\t\t\t\t\t<div class=\"elementor-background-overlay\"><\/div>\n\t\t\t\t\t\t\t<div class=\"elementor-container elementor-column-gap-wide\">\n\t\t\t\t\t<div class=\"elementor-column elementor-col-100 elementor-top-column elementor-element elementor-element-afc209e\" data-id=\"afc209e\" data-element_type=\"column\">\n\t\t\t<div class=\"elementor-widget-wrap elementor-element-populated\">\n\t\t\t\t\t\t\t\t<div class=\"elementor-element elementor-element-25075f3 elementor-widget elementor-widget-heading\" data-id=\"25075f3\" data-element_type=\"widget\" data-widget_type=\"heading.default\">\n\t\t\t\t<div class=\"elementor-widget-container\">\n\t\t\t<style>\/*! elementor - v3.18.0 - 20-12-2023 *\/\n.elementor-heading-title{padding:0;margin:0;line-height:1}.elementor-widget-heading .elementor-heading-title[class*=elementor-size-]>a{color:inherit;font-size:inherit;line-height:inherit}.elementor-widget-heading .elementor-heading-title.elementor-size-small{font-size:15px}.elementor-widget-heading .elementor-heading-title.elementor-size-medium{font-size:19px}.elementor-widget-heading .elementor-heading-title.elementor-size-large{font-size:29px}.elementor-widget-heading .elementor-heading-title.elementor-size-xl{font-size:39px}.elementor-widget-heading .elementor-heading-title.elementor-size-xxl{font-size:59px}<\/style><h2 class=\"elementor-heading-title elementor-size-default\">Applications Bitrix24<\/h2>\t\t<\/div>\n\t\t\t\t<\/div>\n\t\t\t\t\t<\/div>\n\t\t<\/div>\n\t\t\t\t\t\t\t<\/div>\n\t\t<\/section>\n\t\t\t\t<section class=\"elementor-section elementor-top-section elementor-element elementor-element-1acc750 elementor-section-height-min-height elementor-section-boxed elementor-section-height-default elementor-section-items-middle\" data-id=\"1acc750\" data-element_type=\"section\" data-settings=\"{&quot;background_background&quot;:&quot;classic&quot;}\">\n\t\t\t\t\t\t\t<div class=\"elementor-background-overlay\"><\/div>\n\t\t\t\t\t\t\t<div class=\"elementor-container elementor-column-gap-default\">\n\t\t\t\t\t<div class=\"elementor-column elementor-col-100 elementor-top-column elementor-element elementor-element-73355fa\" data-id=\"73355fa\" data-element_type=\"column\">\n\t\t\t<div class=\"elementor-widget-wrap elementor-element-populated\">\n\t\t\t\t\t\t\t\t<section class=\"elementor-section elementor-inner-section elementor-element elementor-element-9a9bf9e elementor-section-boxed elementor-section-height-default elementor-section-height-default\" data-id=\"9a9bf9e\" data-element_type=\"section\">\n\t\t\t\t\t\t<div class=\"elementor-container elementor-column-gap-wider\">\n\t\t\t\t\t<div class=\"elementor-column elementor-col-50 elementor-inner-column elementor-element elementor-element-b37bb2b\" data-id=\"b37bb2b\" data-element_type=\"column\">\n\t\t\t<div class=\"elementor-widget-wrap elementor-element-populated\">\n\t\t\t\t\t\t\t\t<div class=\"elementor-element elementor-element-e61d8d9 elementor-widget elementor-widget-image\" data-id=\"e61d8d9\" data-element_type=\"widget\" data-widget_type=\"image.default\">\n\t\t\t\t<div class=\"elementor-widget-container\">\n\t\t\t<style>\/*! elementor - v3.18.0 - 20-12-2023 *\/\n.elementor-widget-image{text-align:center}.elementor-widget-image a{display:inline-block}.elementor-widget-image a img[src$=\".svg\"]{width:48px}.elementor-widget-image img{vertical-align:middle;display:inline-block}<\/style>\t\t\t\t\t\t\t\t\t\t\t\t<img fetchpriority=\"high\" decoding=\"async\" width=\"817\" height=\"690\" src=\"https:\/\/mediasoft.tn\/bitrix24.tn\/wp-content\/uploads\/2023\/07\/app_catalog.png\" class=\"attachment-large size-large wp-image-1332\" alt=\"\" srcset=\"https:\/\/mediasoft.tn\/bitrix24.tn\/wp-content\/uploads\/2023\/07\/app_catalog.png 817w, https:\/\/mediasoft.tn\/bitrix24.tn\/wp-content\/uploads\/2023\/07\/app_catalog-300x253.png 300w, https:\/\/mediasoft.tn\/bitrix24.tn\/wp-content\/uploads\/2023\/07\/app_catalog-768x649.png 768w\" sizes=\"(max-width: 817px) 100vw, 817px\" \/>\t\t\t\t\t\t\t\t\t\t\t\t\t\t\t<\/div>\n\t\t\t\t<\/div>\n\t\t\t\t\t<\/div>\n\t\t<\/div>\n\t\t\t\t<div class=\"elementor-column elementor-col-50 elementor-inner-column elementor-element elementor-element-4a82fe3\" data-id=\"4a82fe3\" data-element_type=\"column\">\n\t\t\t<div class=\"elementor-widget-wrap elementor-element-populated\">\n\t\t\t\t\t\t\t\t<div class=\"elementor-element elementor-element-d65dbcf elementor-invisible elementor-widget elementor-widget-text-editor\" data-id=\"d65dbcf\" data-element_type=\"widget\" data-settings=\"{&quot;_animation&quot;:&quot;fadeInUp&quot;,&quot;_animation_delay&quot;:500}\" data-widget_type=\"text-editor.default\">\n\t\t\t\t<div class=\"elementor-widget-container\">\n\t\t\t<style>\/*! elementor - v3.18.0 - 20-12-2023 *\/\n.elementor-widget-text-editor.elementor-drop-cap-view-stacked .elementor-drop-cap{background-color:#69727d;color:#fff}.elementor-widget-text-editor.elementor-drop-cap-view-framed .elementor-drop-cap{color:#69727d;border:3px solid;background-color:transparent}.elementor-widget-text-editor:not(.elementor-drop-cap-view-default) .elementor-drop-cap{margin-top:8px}.elementor-widget-text-editor:not(.elementor-drop-cap-view-default) .elementor-drop-cap-letter{width:1em;height:1em}.elementor-widget-text-editor .elementor-drop-cap{float:left;text-align:center;line-height:1;font-size:50px}.elementor-widget-text-editor .elementor-drop-cap-letter{display:inline-block}<\/style>\t\t\t\t<div class=\"bxst-block-title bxst-title-sm\"><strong>Bitrix24.Market<\/strong><\/div><p><br \/>Explorez Bitrix24.Market pour obtenir des modules compl\u00e9mentaires et des solutions personnalis\u00e9es pour votre compte. D\u00e9velopp\u00e9es par nos partenaires et approuv\u00e9es par nous, ces applications peuvent \u00eatre utiles sur plusieurs sections de votre compte. Vous trouverez par exemple des mod\u00e8les de page de renvoi personnalis\u00e9s, des int\u00e9grations avec des outils tiers et diverses solutions pour la t\u00e9l\u00e9phonie, la banque, les syst\u00e8mes de paiement et les chatbots.<\/p>\t\t\t\t\t\t<\/div>\n\t\t\t\t<\/div>\n\t\t\t\t\t<\/div>\n\t\t<\/div>\n\t\t\t\t\t\t\t<\/div>\n\t\t<\/section>\n\t\t\t\t\t<\/div>\n\t\t<\/div>\n\t\t\t\t\t\t\t<\/div>\n\t\t<\/section>\n\t\t\t\t<section class=\"elementor-section elementor-top-section elementor-element elementor-element-39c472d elementor-section-height-min-height elementor-section-boxed elementor-section-height-default elementor-section-items-middle\" data-id=\"39c472d\" data-element_type=\"section\" data-settings=\"{&quot;background_background&quot;:&quot;classic&quot;}\">\n\t\t\t\t\t\t\t<div class=\"elementor-background-overlay\"><\/div>\n\t\t\t\t\t\t\t<div class=\"elementor-container elementor-column-gap-default\">\n\t\t\t\t\t<div class=\"elementor-column elementor-col-100 elementor-top-column elementor-element elementor-element-52be743\" data-id=\"52be743\" data-element_type=\"column\">\n\t\t\t<div class=\"elementor-widget-wrap elementor-element-populated\">\n\t\t\t\t\t\t\t\t<section class=\"elementor-section elementor-inner-section elementor-element elementor-element-2cc9f48 elementor-section-boxed elementor-section-height-default elementor-section-height-default\" data-id=\"2cc9f48\" data-element_type=\"section\">\n\t\t\t\t\t\t<div class=\"elementor-container elementor-column-gap-wider\">\n\t\t\t\t\t<div class=\"elementor-column elementor-col-50 elementor-inner-column elementor-element elementor-element-b2098d9\" data-id=\"b2098d9\" data-element_type=\"column\">\n\t\t\t<div class=\"elementor-widget-wrap elementor-element-populated\">\n\t\t\t\t\t\t\t\t<div class=\"elementor-element elementor-element-e53aa4f elementor-widget elementor-widget-image\" data-id=\"e53aa4f\" data-element_type=\"widget\" data-widget_type=\"image.default\">\n\t\t\t\t<div class=\"elementor-widget-container\">\n\t\t\t\t\t\t\t\t\t\t\t\t\t\t\t<img decoding=\"async\" width=\"827\" height=\"613\" src=\"https:\/\/mediasoft.tn\/bitrix24.tn\/wp-content\/uploads\/2023\/07\/free_mobile_app.png\" class=\"attachment-large size-large wp-image-1337\" alt=\"\" srcset=\"https:\/\/mediasoft.tn\/bitrix24.tn\/wp-content\/uploads\/2023\/07\/free_mobile_app.png 827w, https:\/\/mediasoft.tn\/bitrix24.tn\/wp-content\/uploads\/2023\/07\/free_mobile_app-300x222.png 300w, https:\/\/mediasoft.tn\/bitrix24.tn\/wp-content\/uploads\/2023\/07\/free_mobile_app-768x569.png 768w\" sizes=\"(max-width: 827px) 100vw, 827px\" \/>\t\t\t\t\t\t\t\t\t\t\t\t\t\t\t<\/div>\n\t\t\t\t<\/div>\n\t\t\t\t\t<\/div>\n\t\t<\/div>\n\t\t\t\t<div class=\"elementor-column elementor-col-50 elementor-inner-column elementor-element elementor-element-dae6851\" data-id=\"dae6851\" data-element_type=\"column\">\n\t\t\t<div class=\"elementor-widget-wrap elementor-element-populated\">\n\t\t\t\t\t\t\t\t<div class=\"elementor-element elementor-element-5745f6d elementor-invisible elementor-widget elementor-widget-text-editor\" data-id=\"5745f6d\" data-element_type=\"widget\" data-settings=\"{&quot;_animation&quot;:&quot;fadeInUp&quot;,&quot;_animation_delay&quot;:500}\" data-widget_type=\"text-editor.default\">\n\t\t\t\t<div class=\"elementor-widget-container\">\n\t\t\t\t\t\t\t<div class=\"bxst-block-title bxst-title-sm\"><strong>Application mobile<\/strong><\/div><p>\u00a0<\/p><p>L&rsquo;application mobile fait partie de l&rsquo;\u00e9cosyst\u00e8me Bitrix24. Elle est tr\u00e8s pratique lorsque vous \u00eates en d\u00e9placement ou que vous devez travailler \u00e0 la maison. Cr\u00e9ez et g\u00e9rez des t\u00e2ches, appelez avec la vid\u00e9o, communiquez par chat, commentez et suivez l&rsquo;avanc\u00e9 des travaux avec l&rsquo;application mobile Bitrix24.<\/p>\t\t\t\t\t\t<\/div>\n\t\t\t\t<\/div>\n\t\t\t\t\t<\/div>\n\t\t<\/div>\n\t\t\t\t\t\t\t<\/div>\n\t\t<\/section>\n\t\t\t\t\t<\/div>\n\t\t<\/div>\n\t\t\t\t\t\t\t<\/div>\n\t\t<\/section>\n\t\t\t\t<section class=\"elementor-section elementor-top-section elementor-element elementor-element-0170c54 elementor-section-height-min-height elementor-section-boxed elementor-section-height-default elementor-section-items-middle\" data-id=\"0170c54\" data-element_type=\"section\" data-settings=\"{&quot;background_background&quot;:&quot;classic&quot;}\">\n\t\t\t\t\t\t\t<div class=\"elementor-background-overlay\"><\/div>\n\t\t\t\t\t\t\t<div class=\"elementor-container elementor-column-gap-default\">\n\t\t\t\t\t<div class=\"elementor-column elementor-col-100 elementor-top-column elementor-element elementor-element-196a7f9\" data-id=\"196a7f9\" data-element_type=\"column\">\n\t\t\t<div class=\"elementor-widget-wrap elementor-element-populated\">\n\t\t\t\t\t\t\t\t<section class=\"elementor-section elementor-inner-section elementor-element elementor-element-2c5eae6 elementor-section-boxed elementor-section-height-default elementor-section-height-default\" data-id=\"2c5eae6\" data-element_type=\"section\">\n\t\t\t\t\t\t<div class=\"elementor-container elementor-column-gap-wider\">\n\t\t\t\t\t<div class=\"elementor-column elementor-col-50 elementor-inner-column elementor-element elementor-element-977e7f4\" data-id=\"977e7f4\" data-element_type=\"column\">\n\t\t\t<div class=\"elementor-widget-wrap elementor-element-populated\">\n\t\t\t\t\t\t\t\t<div class=\"elementor-element elementor-element-7c95498 elementor-widget elementor-widget-image\" data-id=\"7c95498\" data-element_type=\"widget\" data-widget_type=\"image.default\">\n\t\t\t\t<div class=\"elementor-widget-container\">\n\t\t\t\t\t\t\t\t\t\t\t\t\t\t\t<img decoding=\"async\" width=\"950\" height=\"646\" src=\"https:\/\/mediasoft.tn\/bitrix24.tn\/wp-content\/uploads\/2023\/07\/bitrix24_desktop_app.png\" class=\"attachment-large size-large wp-image-1341\" alt=\"\" srcset=\"https:\/\/mediasoft.tn\/bitrix24.tn\/wp-content\/uploads\/2023\/07\/bitrix24_desktop_app.png 950w, https:\/\/mediasoft.tn\/bitrix24.tn\/wp-content\/uploads\/2023\/07\/bitrix24_desktop_app-300x204.png 300w, https:\/\/mediasoft.tn\/bitrix24.tn\/wp-content\/uploads\/2023\/07\/bitrix24_desktop_app-768x522.png 768w\" sizes=\"(max-width: 950px) 100vw, 950px\" \/>\t\t\t\t\t\t\t\t\t\t\t\t\t\t\t<\/div>\n\t\t\t\t<\/div>\n\t\t\t\t\t<\/div>\n\t\t<\/div>\n\t\t\t\t<div class=\"elementor-column elementor-col-50 elementor-inner-column elementor-element elementor-element-52a9137\" data-id=\"52a9137\" data-element_type=\"column\">\n\t\t\t<div class=\"elementor-widget-wrap elementor-element-populated\">\n\t\t\t\t\t\t\t\t<div class=\"elementor-element elementor-element-ac5f870 elementor-invisible elementor-widget elementor-widget-text-editor\" data-id=\"ac5f870\" data-element_type=\"widget\" data-settings=\"{&quot;_animation&quot;:&quot;fadeInUp&quot;,&quot;_animation_delay&quot;:500}\" data-widget_type=\"text-editor.default\">\n\t\t\t\t<div class=\"elementor-widget-container\">\n\t\t\t\t\t\t\t<div class=\"bxst-block-title bxst-title-sm\"><strong>Application Mac et Windows<\/strong><\/div><p>\u00a0<\/p><p>L&rsquo;application de bureau est vraiment utile pour travailler au quotidien. Lorsqu&rsquo;il s&rsquo;agit de travailler sur des projets ou d&rsquo;organiser des vid\u00e9oconf\u00e9rences, l&rsquo;application de bureau offrira un confort d&rsquo;utilisation incomparable. Optimis\u00e9e pour offrir une exp\u00e9rience intuitive et agr\u00e9able sur votre ordinateur Mac ou Windows, elle permet de travailler efficacement. R\u00e9pondez rapidement aux commentaires des t\u00e2ches, passez des appels vid\u00e9o depuis le chat Bitrix24, partagez des fichiers, utiliser l&rsquo;int\u00e9gralit\u00e9 du CRM et accomplissez de nombreuses autres t\u00e2ches.<\/p>\t\t\t\t\t\t<\/div>\n\t\t\t\t<\/div>\n\t\t\t\t\t<\/div>\n\t\t<\/div>\n\t\t\t\t\t\t\t<\/div>\n\t\t<\/section>\n\t\t\t\t\t<\/div>\n\t\t<\/div>\n\t\t\t\t\t\t\t<\/div>\n\t\t<\/section>\n\t\t\t\t<section class=\"elementor-section elementor-top-section elementor-element elementor-element-7229f3b elementor-section-height-min-height elementor-section-boxed elementor-section-height-default elementor-section-items-middle\" data-id=\"7229f3b\" data-element_type=\"section\" data-settings=\"{&quot;background_background&quot;:&quot;classic&quot;}\">\n\t\t\t\t\t\t\t<div class=\"elementor-background-overlay\"><\/div>\n\t\t\t\t\t\t\t<div class=\"elementor-container elementor-column-gap-default\">\n\t\t\t\t\t<div class=\"elementor-column elementor-col-100 elementor-top-column elementor-element elementor-element-aff6094\" data-id=\"aff6094\" data-element_type=\"column\">\n\t\t\t<div class=\"elementor-widget-wrap elementor-element-populated\">\n\t\t\t\t\t\t\t\t<section class=\"elementor-section elementor-inner-section elementor-element elementor-element-8e5e96a elementor-section-boxed elementor-section-height-default elementor-section-height-default\" data-id=\"8e5e96a\" data-element_type=\"section\">\n\t\t\t\t\t\t<div class=\"elementor-container elementor-column-gap-wider\">\n\t\t\t\t\t<div class=\"elementor-column elementor-col-50 elementor-inner-column elementor-element elementor-element-b626ad2\" data-id=\"b626ad2\" data-element_type=\"column\">\n\t\t\t<div class=\"elementor-widget-wrap elementor-element-populated\">\n\t\t\t\t\t\t\t\t<div class=\"elementor-element elementor-element-43ca34f elementor-widget elementor-widget-image\" data-id=\"43ca34f\" data-element_type=\"widget\" data-widget_type=\"image.default\">\n\t\t\t\t<div class=\"elementor-widget-container\">\n\t\t\t\t\t\t\t\t\t\t\t\t\t\t\t<img loading=\"lazy\" decoding=\"async\" width=\"760\" height=\"612\" src=\"https:\/\/mediasoft.tn\/bitrix24.tn\/wp-content\/uploads\/2023\/07\/api.png\" class=\"attachment-large size-large wp-image-1343\" alt=\"\" srcset=\"https:\/\/mediasoft.tn\/bitrix24.tn\/wp-content\/uploads\/2023\/07\/api.png 760w, https:\/\/mediasoft.tn\/bitrix24.tn\/wp-content\/uploads\/2023\/07\/api-300x242.png 300w\" sizes=\"(max-width: 760px) 100vw, 760px\" \/>\t\t\t\t\t\t\t\t\t\t\t\t\t\t\t<\/div>\n\t\t\t\t<\/div>\n\t\t\t\t\t<\/div>\n\t\t<\/div>\n\t\t\t\t<div class=\"elementor-column elementor-col-50 elementor-inner-column elementor-element elementor-element-5316db4\" data-id=\"5316db4\" data-element_type=\"column\">\n\t\t\t<div class=\"elementor-widget-wrap elementor-element-populated\">\n\t\t\t\t\t\t\t\t<div class=\"elementor-element elementor-element-ce2727b elementor-invisible elementor-widget elementor-widget-text-editor\" data-id=\"ce2727b\" data-element_type=\"widget\" data-settings=\"{&quot;_animation&quot;:&quot;fadeInUp&quot;,&quot;_animation_delay&quot;:500}\" data-widget_type=\"text-editor.default\">\n\t\t\t\t<div class=\"elementor-widget-container\">\n\t\t\t\t\t\t\t<div class=\"bxst-block-title bxst-title-sm\"><strong>API Bitrix24<\/strong><\/div><p><br \/>Vous souhaitez am\u00e9liorer votre Bitrix24 ? Mettez \u00e0 profit les nombreuses possibilit\u00e9s de l&rsquo;API Bitrix24\u00a0! L&rsquo;API ouvert permet \u00e0 nos clients et \u00e0 nos partenaires d&rsquo;am\u00e9liorer et de personnaliser leurs intranets en ajustant les flux de travail et la logique commerciale de leurs portails cloud.<\/p>\t\t\t\t\t\t<\/div>\n\t\t\t\t<\/div>\n\t\t\t\t\t<\/div>\n\t\t<\/div>\n\t\t\t\t\t\t\t<\/div>\n\t\t<\/section>\n\t\t\t\t\t<\/div>\n\t\t<\/div>\n\t\t\t\t\t\t\t<\/div>\n\t\t<\/section>\n\t\t\t\t\t\t\t<\/div>\n\t\t","protected":false},"excerpt":{"rendered":"<p>Applications Bitrix24 Bitrix24.Market Explorez Bitrix24.Market pour obtenir des modules compl\u00e9mentaires et des solutions personnalis\u00e9es pour votre compte. D\u00e9velopp\u00e9es par nos partenaires et approuv\u00e9es par nous, ces applications peuvent \u00eatre utiles sur plusieurs sections de votre compte. Vous trouverez par exemple des mod\u00e8les de page de renvoi personnalis\u00e9s, des int\u00e9grations avec des outils tiers et diverses&#8230;<\/p>\n","protected":false},"author":1,"featured_media":0,"parent":0,"menu_order":0,"comment_status":"closed","ping_status":"closed","template":"","meta":{"inline_featured_image":false,"_kad_post_transparent":"","_kad_post_title":"hide","_kad_post_layout":"fullwidth","_kad_post_sidebar_id":"","_kad_post_content_style":"unboxed","_kad_post_vertical_padding":"hide","_kad_post_feature":"hide","_kad_post_feature_position":"","_kad_post_header":false,"_kad_post_footer":false,"footnotes":""},"class_list":["post-582","page","type-page","status-publish","hentry"],"_links":{"self":[{"href":"https:\/\/mediasoft.tn\/bitrix24.tn\/wp-json\/wp\/v2\/pages\/582","targetHints":{"allow":["GET"]}}],"collection":[{"href":"https:\/\/mediasoft.tn\/bitrix24.tn\/wp-json\/wp\/v2\/pages"}],"about":[{"href":"https:\/\/mediasoft.tn\/bitrix24.tn\/wp-json\/wp\/v2\/types\/page"}],"author":[{"embeddable":true,"href":"https:\/\/mediasoft.tn\/bitrix24.tn\/wp-json\/wp\/v2\/users\/1"}],"replies":[{"embeddable":true,"href":"https:\/\/mediasoft.tn\/bitrix24.tn\/wp-json\/wp\/v2\/comments?post=582"}],"version-history":[{"count":10,"href":"https:\/\/mediasoft.tn\/bitrix24.tn\/wp-json\/wp\/v2\/pages\/582\/revisions"}],"predecessor-version":[{"id":1346,"href":"https:\/\/mediasoft.tn\/bitrix24.tn\/wp-json\/wp\/v2\/pages\/582\/revisions\/1346"}],"wp:attachment":[{"href":"https:\/\/mediasoft.tn\/bitrix24.tn\/wp-json\/wp\/v2\/media?parent=582"}],"curies":[{"name":"wp","href":"https:\/\/api.w.org\/{rel}","templated":true}]}}